he greatest common divisor of 144 and a.
48
Suppose 0 = 105*l - 116*l + 4510. Calculate the greatest common factor of l and 30.
10
Let p(r) = -r**2 - 11*r - 25. Let h be p(-6). Suppose -2*q + 5 = h*m + q, -3*m - 3 = 3*q. What is the highest common divisor of m and 28?
4
Let f(p) = -31*p + 169. Let u be f(-19). Suppose u = 7*a - 1552. What is the highest common factor of 66 and a?
66
Let m be 15/6 - 1 - (-22)/4. Let i(y) be the second derivative of y**4/4 - 4*y**3/3 + 22*y. Let l be i(5). Calculate the highest common factor of m and l.
7
Let n(h) = 27*h**2 - 5*h - 7. Let p be n(-1). Suppose 2*k - 8 = -3*q - 2*q, 3*k + q = p. Calculate the greatest common divisor of k and 1152.
9
Let k be (-1 - -3) + (-24)/(-1). Suppose 395 = -17*v + 2690. Let q = v + k. Calculate the greatest common factor of 23 and q.
23
Suppose 27*u - 415 - 638 = 0. Let a = 117 - 24. Suppose 11*c = u + a. Calculate the highest common factor of 16 and c.
4
Let c(h) = 2*h**2 - 56*h + 76. Let m be c(29). Calculate the greatest common factor of m and 670.
134
Suppose -47*m + 1003 = 4*v - 52*m, -3*v - 3*m + 732 = 0. Calculate the highest common divisor of v and 893.
19
Suppose 4359 = 5*b - 50*s + 53*s, 0 = -b - 3*s + 879. What is the highest common factor of b and 330?
30
Suppose -n = -2*x + 2314, 4*n = 2*x - 2617 + 303. Calculate the highest common divisor of 325 and x.
13
Let b(w) = w**3 - 13*w**2 - 146. Let s(c) = -c**3 + 15*c**2 + 36*c - 20. Let z be s(17). Let v be b(z). What is the greatest common divisor of 1 and v?
1
Let b = 15 - 10. Let n = -63550 + 63555. Calculate the greatest common factor of b and n.
5
Let w be (1 - (-18)/(-21)) + (-34)/(-7). Suppose 0 = -3*m + 4*n + 42, -17 = w*n - 2. Let g = -3 - -5. What is the greatest common divisor of m and g?
2
Let l be (-5)/(-3)*(-18)/(-2). Suppose 19710 = -1865*g + 2011*g. Calculate the greatest common factor of l and g.
15
Suppose -5*m = 3*m - 16. Let r be (-3)/6*4*(m - 5). What is the highest common factor of r and 15?
3
Let p be 3/(-27) + (-4913)/(-153). Let g be p/(-6)*15/(-2). Calculate the highest common divisor of 5 and g.
5
Let m be (1 + 104/13)*15. What is the highest common divisor of m and 65?
5
Suppose -8*k + 445 = -3*k. Suppose m - 37 = -h, -2*m + h + k = -0*m. Calculate the greatest common factor of m and 63.
21
Let y = -923 - -728. Let s = 207 + y. What is the greatest common divisor of s and 12?
12
Suppose -950 = -13*y - 220 + 804. Calculate the highest common divisor of 8614 and y.
118
Suppose -5*u - 3*d + 2726 = 283, -4*u + 1948 = -4*d. Let w = u + -481. Calculate the highest common factor of 217 and w.
7
Let d be 17 + 425/(-225) - 1/9. Let g(k) = -k**3 - 16*k**2 - 19*k - 20. Let l be g(-15). What is the greatest common divisor of d and l?
5
Let q(n) = -21*n - 81. Let r be q(-4). Suppose 3*h + 12 = l + 2*l, r*h = 0. Calculate the highest common factor of 44 and l.
4
Let f be (-276)/46*(82/(-12) + 2). Let s = -21 + f. What is the highest common factor of 152 and s?
8
Let v = 636 - 627. Suppose -v*x - 15 = -294. What is the greatest common factor of 1209 and x?
31
Suppose -2*r = -0*r - 106. Suppose -s + 55 = r. Suppose 0 = s*c - 10, 4*z + 5*c = c + 580. Calculate the highest common factor of z and 20.
20
Let w(a) = 186*a**2 + 2579*a - 9. Let k be w(-14). Calculate the greatest common factor of k and 1661.
11
Let s = -7728 + 9600. What is the greatest common divisor of 234 and s?
234
Suppose -5*j + 2*h + h = -147, -2*j - 2*h + 62 = 0. Suppose 4426 - 196 = j*l. What is the greatest common divisor of l and 47?
47
Suppose 9*c + v + 274 = 11*c, -5*v - 542 = -4*c. Calculate the greatest common divisor of c and 92.
46
Suppose -w = -3*d + 25, 4*w + 3*d = -54 - 121. Let j = 38 + w. Let a be (j*9/(-10))/(3/15). What is the highest common divisor of 1 and a?
1
Let g = 202 - -33. Let d = g + -7. Calculate the highest common factor of 171 and d.
57
Let o(r) = -2*r**3 + 121*r**2 + 55*r + 394. Let f be o(61). What is the highest common divisor of 175 and f?
7
Let o(p) = 24*p**2 + 518*p - 1039. Let m be o(2). Calculate the greatest common divisor of 3193 and m.
31
Suppose 0 = 43*m - 48*m + 140. What is the highest common divisor of 44 and m?
4
Let l(b) = 8*b - 66. Let w be 1/(119/(-63) + 2). Let n be l(w). Calculate the greatest common factor of 330 and n.
6
Let a = -6 - -36. Suppose -2*l + 25 = 21. Let y be -2*(-1)/l*75. What is the greatest common factor of y and a?
15
Let r be 140/(-30)*(-1)/(5/60). Let l be 8/14 + (5 - (-3294)/42). What is the highest common divisor of r and l?
28
Let k(x) be the first derivative of x**4/4 - 13*x**3/3 - 9*x**2/2 - 53*x - 22. Let b be k(14). What is the greatest common factor of b and 289?
17
Let s be ((-345)/(-45))/(-23) - 21279/(-9). What is the highest common factor of 48 and s?
12
Let g be (135/(2 + -5))/((-12)/3032). Calculate the highest common factor of g and 60.
30
Suppose -2*z = -3*i + 769 + 1517, -757 = -i - z. Calculate the greatest common factor of 184 and i.
8
Let v be (-4)/((-32)/(-24)) - 160. Let i = v - -181. Calculate the highest common factor of i and 378.
18
Let t = -16958 - -16981. What is the greatest common divisor of t and 17572?
23
Let d(n) be the first derivative of 2*n**3/3 + 2*n**2 - 21*n - 85. Let u be d(6). Calculate the highest common divisor of 10 and u.
5
Let l(i) = -6*i**3 + 4*i + 4. Let c be l(-2). Suppose -28 = -4*p + c. What is the greatest common divisor of p and 90?
18
Let z(q) = 9*q. Let v be z(19). Let h(k) = -k**2 - 10*k + 4. Let t be h(-8). Suppose t = 2*j - 18. What is the highest common factor of j and v?
19
Let a be (69/(-9))/(13/(-39)). Let s be ((-2)/8)/(31/(-124)). Calculate the greatest common factor of a and s.
1
Suppose -50*n + 45*n + 10 = 0. Suppose 0 = -n*b + 2, 873 = 4*u - b - 578. Calculate the greatest common factor of u and 33.
33
Let z(q) = -4*q**2 + 3*q - 27. Let a(f) = 3*f**2 - 4*f + 28. Let i(j) = -6*a(j) - 5*z(j). Let k be i(9). What is the highest common divisor of 42 and k?
42
Suppose 47*z = 49*z - 4*y - 26, -4*y + 23 = 5*z. What is the highest common divisor of z and 1085?
7
Suppose -4*k + k + 228 = 0. Let p = 115 - k. Let d = -29 + p. What is the highest common divisor of d and 10?
10
Suppose 3*c - 171 = l, c - 3*l = -0*l + 65. Let o = -4278 - -4283. Suppose o*q = u - 4, 3*u = -0*u + 4*q + c. What is the greatest common divisor of u and 16?
8
Let c be (-2075)/(-166) - (-2 + (-13)/(-2) + 0). Let g be (42 + 2)/(1/2). Calculate the greatest common divisor of g and c.
8
Suppose -23948 = -3*f - 2*b, 28*b + 15967 = 2*f + 29*b. What is the greatest common divisor of f and 66?
66
Suppose -5*f - 3*x + 16945 = 0, 3*f + 2430 - 12631 = 5*x. What is the greatest common divisor of 106 and f?
106
Let n = -25 + 29. Suppose 0 = 2*g - n*s + 80, 4*g + 5*s + 44 + 103 = 0. Let l = g - -54. What is the highest common factor of 40 and l?
8
Let c(g) = 2*g**3 + g**2 - g + 269. Let a be c(0). Let j = 286 - a. Let n be 4/2 - -68 - 2. Calculate the greatest common divisor of n and j.
17
Let y = 351 - -4335. What is the highest common divisor of 994 and y?
142
Suppose 1 = -z + 3*c, 4*z - 5*c - 5 = -2*c. Suppose 6*m - 768 = -z*m. Let n(h) = -h + 10. Let k be n(4). Calculate the highest common factor of k and m.
6
Suppose 4*f - 5*u - 271 = 0, 3*u + 32 = 4*f - 249. Let l = 196 - f. Let m = l + -86. Calculate the highest common divisor of m and 27.
9
Let z = 1486 - 1348. Let n be (-3)/9 - (-57)/9. What is the greatest common factor of z and n?
6
Suppose 4*b = -99*c + 102*c - 32, -b - 42 = -5*c. Calculate the greatest common factor of c and 1120.
8
Let i = 34 + -83. Let m = i + 54. Suppose 20*l - 225 = m*l. Calculate the highest common divisor of 105 and l.
15
Suppose 8*t = 32*t - 72. Let m be t/((-81)/(-126))*21. What is the highest common divisor of 2 and m?
2
Let o = -30 + 34. Suppose o*k - 196 = -36. Let m(l) = 3*l - 29. Let w be m(15). What is the highest common factor of w and k?
8
Suppose 208*q - 211*q + 576 = 0. Calculate the greatest common divisor of q and 48.
48
Suppose 0 = -0*o - 5*o + 525. Let m be (-468)/(-6) - 47 - 10. What is the highest common factor of m and o?
21
Suppose 10077*l = 10068*l + 90. Let t(d) = 19*d - 4. Let c be t(6). What is the greatest common factor of c and l?
10
Let b = 19 + -10. Let y(h) = 18*h**3 + 144*h**2 - h + 36